h - 2. What is the tens digit of j(-1)?
2
Let p(a) = a - 7. Let q be p(10). Suppose -2*c - 3*m = 3*c - 48, -4*c - q*m + 39 = 0. What is the units digit of c?
9
Suppose -4*x - 20 = 0, 2*w - 102 - 90 = 4*x. What is the units digit of w?
6
Suppose -15 + 36 = 3*l. Let v(k) = 4*k - 7. What is the units digit of v(l)?
1
What is the units digit of (96/(-10))/(2 + 23/(-10))?
2
Suppose -3*i - 10 + 133 = 0. Suppose -4*w - i = -j, -j - 4*j = 5*w - 230. What is the tens digit of j?
4
Let c(v) = 5*v**2 + 2 - 1 - 2*v**2 + v. Let s be (2/(-3))/(1/3). What is the tens digit of c(s)?
1
Let u(y) = -y**3 + y**3 - 2*y**2 - y - 12*y**3 + y**2. What is the tens digit of u(-1)?
1
Let g = 4 + -1. Suppose g*l - 42 = -0*l. What is the units digit of l?
4
Let b(t) = 5*t**3 - t**2 + t. Let v be b(1). Let k(w) = -w**3 + 4*w**2 + 7*w - 7. What is the units digit of k(v)?
3
Let l(y) = y**3 + 15*y**2 + 12*y - 20. What is the units digit of l(-14)?
8
Let c = -27 + 37. What is the tens digit of c?
1
Let r(y) = 4*y**2 + 4*y + 2. Let b be r(-2). What is the units digit of b*(-1 + 12/8)?
5
Suppose 5*a = -s - 19, s = -2*s + 3*a + 33. Let r(d) = -d**2 + 8*d - 2. What is the units digit of r(s)?
0
Suppose 2*b + 4 = 4*b. Let q be (6/4)/(4/48). Let k = q + b. What is the tens digit of k?
2
Suppose 2*y + 2*h = 126, 0 = -3*y - 3*h - h + 187. What is the units digit of y?
5
Let v be ((1 + -1)/2)/(-2). Suppose 3*z + 4*y - 3*y - 9 = v, 0 = 2*z + 5*y + 7. What is the units digit of z?
4
Let q(a) be the second derivative of -a**3/6 + a**2 + a. Let f be -5 + (-4 - -3) + 3. What is the units digit of q(f)?
5
Let m(k) = -k**2 + 12*k + 3. Let i be m(12). Suppose 0 = 2*h + h + i*n - 87, 4*n - 66 = -2*h. What is the tens digit of h?
2
Suppose -n + 22 = -0*o - 4*o, -5*o = -5*n + 80. Let i = 11 + -7. Suppose 2*x = i*x - n. What is the units digit of x?
7
Let n(w) = w**3 - w - 2. What is the units digit of n(2)?
4
Let t(l) = -5*l + 1. Let w be t(-3). Suppose -3*z + 17 - 7 = 2*s, 5*z = -3*s + w. What is the units digit of z?
2
Let t(d) = 7*d + 1. Let g be t(-2). What is the tens digit of g/(1 + 9/(-6))?
2
Let o(q) = -q**3 + 6*q**2 - q + 6. Let k be o(6). Let n be -6 - -4 - (k + -1). What is the units digit of 1 - (30/(-3) - n)?
0
Suppose -o + 0*o = 2*y - 54, 4*y - 120 = o. What is the tens digit of y?
2
Let n be (12/4)/(-6)*0. Suppose 4*h = -y + 17, 5*y + n*y = -3*h + 51. What is the units digit of y?
9
Suppose 13*p - 3059 = 334. What is the hundreds digit of p?
2
Suppose 49 = g - 11. What is the units digit of g?
0
Suppose -26 - 22 = -4*y + 3*h, 2*h = -5*y + 83. Let m be -2*4/((-24)/y). Suppose 0 = m*j - 3*r + 6 - 58, 2*r - 8 = -2*j. What is the units digit of j?
8
Suppose i - 786 = -3*i - 2*a, -4*i + 791 = 3*a. What is the tens digit of i?
9
What is the units digit of (-4)/6 - (-644)/21?
0
Let q = -5 - -2. Let g = -1 - q. Suppose -1 = -g*l + 1. What is the units digit of l?
1
Let q = -66 - -94. What is the units digit of q?
8
Suppose 0*t = -2*t + 6. Let r(y) = 0 - 4 + 2 + t - 2*y. What is the units digit of r(-4)?
9
Let o = 45 - 25. Suppose -l + o = 6. What is the units digit of l?
4
Let h(m) = m + 1. What is the units digit of h(18)?
9
Let i be (-206)/(-14) + (-2)/(-7). Let k be (-2)/(-11) + 1261/143. Let p = i - k. What is the units digit of p?
6
Suppose 212 = 4*z + 2*x, -122 = -2*z - 0*z - 5*x. What is the tens digit of z?
5
Suppose 38 = 5*u - 2*s, 26 = 5*u - 4*s + 5*s. What is the units digit of 16/u - (-6)/18?
3
Suppose 4*t - 6*t + 94 = 2*o, 129 = 3*o - 3*t. What is the tens digit of o?
4
Suppose 0 = -4*r - m + 265, -4*m - 15 = m. Let l = r + -39. Suppose -s - 4 = i, s + 4*i + l = 9. What is the units digit of s?
1
Suppose -38 = -5*n + 22. What is the units digit of 165/n - 4/(-16)?
4
Suppose -4*q = q - 355. Let v = 102 - q. What is the units digit of v?
1
Let a(u) = u**2 - 13*u + 15. Let o be a(12). Let q = 21 + o. What is the units digit of 4/q - 46/(-12)?
4
Let x = -34 + 72. Suppose -7*d = -3*d - 20. Suppose -d*u + 3*v + x = -20, -u + v + 10 = 0. What is the tens digit of u?
1
Let s(z) = -z**3 + 7*z**2 + 10*z - 10. What is the tens digit of s(7)?
6
Let f = 67 - -25. What is the units digit of f?
2
Let b = -15 - -79. What is the tens digit of b?
6
Let f be 1/3 + 37/(-3). Let t be 4/6 - (-32)/f. What is the units digit of 3/(-6) + (-15)/t?
7
Let i = 2 - 0. Suppose 0*p + 3*p = -x - 8, 0 = -3*p + x + 2. What is the units digit of (5 - -1*i) + p?
6
Let u be 2/6 + 28/6. Let m = u + -7. What is the units digit of ((-7)/3)/(m/6)?
7
Let f(w) = -w**2 + 5*w + 9. Let s be f(7). Let m = s - -2. What is the units digit of 5 + 3/m + -1?
3
Let d(o) = o**3 + 5*o**2 + 4*o. Let a be d(-4). Suppose a*s = 2*s - 20. What is the tens digit of s?
1
Suppose 6*p - 3*p = -6. Let v = 2 + p. What is the units digit of 2/1 - (v - -1)?
1
Suppose t - 2*t + 50 = 4*c, 3*t = -3*c + 132. What is the units digit of t?
2
Suppose 0 = -22*n + 18*n + 600. What is the units digit of n?
0
Let o be (-46)/(-3)*(-72)/(-6). Suppose -4*c + o = -2*h, 10 = 4*h + h. What is the tens digit of c?
4
Suppose -24 - 8 = -2*y. What is the tens digit of y?
1
Let g(m) be the second derivative of 0*m**3 - m**2 + 2*m + 0 + 1/12*m**4. What is the units digit of g(2)?
2
Let q = 154 - -10. What is the units digit of q?
4
Suppose 2*q = 1 + 5. Suppose -5*w - 3 = -a, -2*a + q*a - 4*w = 6. What is the tens digit of a?
1
Let v = 10 - 25. Let k = v - -30. What is the units digit of k?
5
Suppose -2*f - 3*f - 4*a = -27, 3*a - 24 = -5*f. Suppose -4*d + 70 = -l, -f*d = -d - l - 34. What is the units digit of d?
8
Let t be -4 - (-14)/((-6)/(-3)). Suppose t*f + 2*o = -0*o + 123, -6 = -2*o. What is the units digit of f?
9
Let r(y) = y**3 - y**2 - y. Let v be r(0). Let t = 17 + -12. Suppose -k - 5*c - 23 = v, 35 = -k + 6*k - t*c. What is the units digit of k?
2
Suppose 0 = -3*o - 5*u + 50, 3*o - 25 = o + 5*u. What is the tens digit of o?
1
Let s(q) be the first derivative of q**4/4 + 4*q**3/3 - q**2/2 + 2*q + 6. What is the units digit of s(-4)?
6
Suppose -2*z = -3*z - 2. Let d be z + 6 + 0 - 0. Suppose p + 3*o = -p + 13, -o + 31 = d*p. What is the units digit of p?
8
Suppose 3 = 2*x - 1. Suppose -4*j = -x*j - 6. Suppose -j*f = 2*q - 6, 4*f + 2*q - 8 = -0*f. What is the units digit of f?
2
Suppose -35*a = -34*a - 132. What is the units digit of a?
2
Suppose -3*d + 13 = -29. Let c = d - 8. What is the units digit of c?
6
Let u be 105/(-14) + 1/2. Let h = -4 - u. Suppose -5*c + 20 = -5*m, 3*m - h = -c - 11. What is the units digit of c?
1
Let y(o) = o**2 - 5*o - 10. Let f(s) = -s**2 + 3*s + 7. Let t(m) = -7*f(m) - 5*y(m). Let h(v) = -v + 1. Let a be h(4). What is the units digit of t(a)?
7
Let x(n) = n**2 + 2*n + 8. Let o be x(-6). Let c = 18 - o. What is the units digit of -1 + -1 + c/(-2)?
5
Suppose d + d - 2*l = 6, -15 = 3*d + 3*l. Let r be (-16)/(-6)*(-5 + d). Let k = -10 - r. What is the units digit of k?
6
Let r = 5 + -7. Let l = 1 - r. What is the units digit of l?
3
Let h(a) = a**3 - 3*a**2 + 4*a - 4. Let z be h(3). Let c = z - 13. Let j(o) = -o - 2. What is the units digit of j(c)?
3
Let y = 17 + 12. Let s = y - 17. What is the units digit of s?
2
Suppose q - 5 = -i, 2 = 2*i - 0. Let r = -8 - -6. Let g = q + r. What is the units digit of g?
2
Let z = -4 - -4. Suppose z = 4*s - 0*s - 32. What is the units digit of s?
8
Suppose 3 = -2*v - 9. Let s(g) = g**2 - 4*g + 6. Let c be s(v). What is the units digit of (-6)/9*c/(-4)?
1
Suppose -11 = s - 5*c + 7, -5*s = 2*c - 18. Suppose 2*v - 4 = s*p - 4*p, -2*p = -4*v - 16. What is the units digit of p?
4
Let z(y) = -y**2 - 20*y - 7. What is the units digit of z(-16)?
7
Suppose -4*g - 85 = r, 425 - 63 = -4*r - 5*g. Let a = r + 136. What is the tens digit of a?
4
Suppose 139 + 73 = 2*x. What is the units digit of x?
6
Let j = -8 - -20. Suppose -4*z + b = -9, -z + b + 7 = z. What is the units digit of (4/6)/(z/j)?
8
Suppose 0 = 5*a - 9*a + 20. Let t(h) be the first derivative of h**2 - 3*h + 1. What is the units digit of t(a)?
7
Let h(s) = 7*s**2 + 4*s + 10. What is the tens digit of h(-4)?
0
Suppose 47*c - 970 = 42*c. What is the tens digit of c?
9
Suppose -4*d = -0*d - 1068. What is the tens digit of d?
6
Let a(f) = f + 44. What is the units digit of a(21)?
5
Suppose -y - 26 = -5*h, 3*h + 9 = 24. Let x = y - -26. What